{"id":3508,"date":"2023-03-01T08:48:42","date_gmt":"2023-03-01T07:48:42","guid":{"rendered":"https:\/\/norsapharma.com\/sklep\/?post_type=product&#038;p=3508"},"modified":"2026-03-05T00:12:32","modified_gmt":"2026-03-04T23:12:32","slug":"collagen-nucleo","status":"publish","type":"product","link":"https:\/\/norsapharma.com\/sklep\/produkt\/collagen-nucleo\/","title":{"rendered":"Collagen Nucleo (30 saszetek)"},"content":{"rendered":"<p style=\"font-weight: 400;\"><strong>Collagen Nucleo <\/strong>to specjalnie opracowane, wzajemnie uzupe\u0142niaj\u0105ce si\u0119 po\u0142\u0105czenie kolagenu rybiego i wo\u0142owego, \u0142agodnej dla przewodu pokarmowego witaminy C oraz kompleksu pi\u0119ciu czystych nukleotyd\u00f3w dietetycznych.<\/p>\n<p style=\"font-weight: 400;\"><strong>Collagen Nucleo zawiera sk\u0142adniki, w kt\u00f3re warto uzupe\u0142nia\u0107 diet\u0119, w celu*:<\/strong><\/p>\n<ul>\n<li>zapewnienia prawid\u0142owego funkcjonowania sk\u00f3ry, ko\u015bci, chrz\u0105stki, dzi\u0105se\u0142 i z\u0119b\u00f3w;<\/li>\n<li>zapewnienia prawid\u0142owego funkcjonowania naczy\u0144 krwiono\u015bnych<\/li>\n<\/ul>\n<p><span style=\"font-size: 11px;\">*EFSA Panel on Dietetic Products, Nutrition and Allergies (NDA); Scientific opinion on the substantiation of health claims related to vitamin C. Vitamin C contributes to the normal function of the immune system, contributes to the protection of cells from oxidative stress, increases iron absorption, contributes to normal functioning of the nervous system, contributes to normal energy-yielding metabolism, contributes to the reduction of tiredness and fatigue. Source: www.efsa.europa.eu<\/span><\/p>\n<h3 style=\"font-weight: 400;\">Collagen Nucleo \u2013 dlaczego warto?<\/h3>\n<ul>\n<li>Collagen Nucleo to dwa uzupe\u0142niaj\u0105ce si\u0119 \u017ar\u00f3d\u0142a kolagenu najwy\u017cszej jako\u015bci \u2013 zawiera hydrolizat kolagenu wo\u0142owego Verisol\u00ae B oraz hydrolizat kolagenu rybiego z dziko po\u0142awianego dorsza (Gadus morhua) Seagarden\u00ae.<\/li>\n<li>Zawiera kompleks 5 czystych nukleotyd\u00f3w dietetycznych.<\/li>\n<li>Nie zawiera dodatk\u00f3w smakowych, barwnik\u00f3w, aromat\u00f3w i substancji s\u0142odz\u0105cych.<\/li>\n<li>Ze wzgl\u0119du na neutralny smak produkt mo\u017ce by\u0107 \u0142atwo stosowany jako dodatek do ulubionego napoju czy posi\u0142ku.<\/li>\n<\/ul>\n<h3 style=\"font-weight: 400;\">W sk\u0142ad produktu Collagen Nucleo wchodz\u0105:<\/h3>\n<p style=\"text-align: justify;\"><strong>Kolagen rybi Marine Collagen firmy Seagarden<\/strong> \u2013 pozyskiwany z dzikich dorszy po\u0142awianych ze zr\u00f3wnowa\u017conych \u0142owisk w czystych wodach Oceanu P\u00f3\u0142nocnoatlantyckiego, co gwarantuje otrzymanie w 100% naturalnych peptyd\u00f3w kolagenu o najwy\u017cszej jako\u015bci i czysto\u015bci.<\/p>\n<p style=\"font-weight: 400;\">Peptydy kolagenowe zawarte w Collagen Nucleo to kolagen typu I o bardzo dobrej biodost\u0119pno\u015bci, \u0142atwo przyswajalny i bioaktywny, ze \u015bredni\u0105 mas\u0105 cz\u0105steczkow\u0105 do maksymalnie 3 kDa.<\/p>\n<p style=\"font-weight: 400;\">Spos\u00f3b otrzymywania kolagenu Seagarden to proces enzymatyczny a nast\u0119pnie suszenie rozpy\u0142owe na granulowany proszek. Z 1 kg sk\u00f3r dorsza pozyskiwane jest 100 g peptyd\u00f3w kolagenowych. Z uwagi na enzymatyczny charakter procesu nie nast\u0119puje on w bardzo wysokich temperaturach \u2013 co ma wp\u0142yw na odpowiedni\u0105 struktur\u0119 i wysok\u0105 jako\u015b\u0107 produktu.<\/p>\n<p style=\"font-weight: 400;\">Seagarden to norweski, certyfikowany producent FSSC 22000 naturalnych sk\u0142adnik\u00f3w morskich. Posiada certyfikat MSC.<\/p>\n<p style=\"font-weight: 400;\"><strong>Kolagen wo\u0142owy Verisol<\/strong> <strong>firmy GELITA <\/strong>\u2013 peptydy kolagenowe istotne dla uzupe\u0142nienia profilu aminokwasowego. Kolagen ten pozyskiwany jest wy\u0142\u0105cznie w procesie hydrolizy enzymatycznej, dzi\u0119ki czemu bia\u0142ka zachowuj\u0105 swoje w\u0142a\u015bciwo\u015bci. Proces ten jest podobny do trawienia u ludzi, jednak prowadzony w taki spos\u00f3b, aby konsekwentnie uzyskiwa\u0107 precyzyjne sekwencje bioaktywne.<\/p>\n<p style=\"font-weight: 400;\">Verisol to bia\u0142ka kolagenowe o bardzo dobrej biodost\u0119pno\u015bci i niskiej masie cz\u0105steczkowej ok. 2 kDa. Dzi\u0119ki takiej wielko\u015bci cz\u0105stek (poni\u017cej granicy przenikalno\u015bci jelita), kolagen ten charakteryzuje si\u0119 bardzo wysok\u0105 przyswajalno\u015bci\u0105.<\/p>\n<p style=\"font-weight: 400;\"><strong>\u0141agodna witamina C<\/strong> \u2013 \u0142agodna dla przewodu pokarmowego witamina C w formie askorbinianu sodu, kt\u00f3ra ma neutralny odczyn i nie podra\u017cnia.<\/p>\n<p style=\"font-weight: 400;\">Zgodnie z o\u015bwiadczeniami zdrowotnymi zatwierdzonymi przez EFSA:<\/p>\n<p style=\"font-weight: 400;\">Witamina C pomaga w prawid\u0142owej produkcji kolagenu w celu zapewnienia prawid\u0142owego funkcjonowania naczy\u0144 krwiono\u015bnych, ko\u015bci, chrz\u0105stki, dzi\u0105se\u0142, sk\u00f3ry i z\u0119b\u00f3w.<\/p>\n<p style=\"font-weight: 400;\"><strong>Kompleks 5 czystych nukleotyd\u00f3w dietetycznych<\/strong> \u2013 w celu wsparcia proces\u00f3w odnowy kom\u00f3rkowej.<\/p>\n<p>&nbsp;<\/p>\n<p><img fetchpriority=\"high\" decoding=\"async\" class=\"alignnone wp-image-10977\" src=\"https:\/\/norsapharma.com\/sklep\/wp-content\/uploads\/2023\/03\/5f69d21863f88-300x117.png\" alt=\"\" width=\"364\" height=\"142\" srcset=\"https:\/\/norsapharma.com\/sklep\/wp-content\/uploads\/2023\/03\/5f69d21863f88-300x117.png 300w, https:\/\/norsapharma.com\/sklep\/wp-content\/uploads\/2023\/03\/5f69d21863f88-768x299.png 768w, https:\/\/norsapharma.com\/sklep\/wp-content\/uploads\/2023\/03\/5f69d21863f88-350x136.png 350w, https:\/\/norsapharma.com\/sklep\/wp-content\/uploads\/2023\/03\/5f69d21863f88-680x265.png 680w, https:\/\/norsapharma.com\/sklep\/wp-content\/uploads\/2023\/03\/5f69d21863f88.png 994w\" sizes=\"(max-width: 364px) 100vw, 364px\" \/><\/p>\n<p>&nbsp;<\/p>\n<p style=\"font-weight: 400;\"><strong>Bibliografia:<\/strong><\/p>\n<p style=\"font-weight: 400;\"><sup>Asserin, J\u00e9rome, et al. The effect of oral collagen peptide supplementation on skin moisture and the dermal collagen network: evidence from an ex vivo model and randomized, placebo\u2010controlled clinical trials. Journal of cosmetic dermatology. 2015;14.4: 291-301. <\/sup><\/p>\n<p style=\"font-weight: 400;\"><sup>Yamada, Shizuka, et al. Effects of fish collagen peptides on collagen post-translational modifications and mineralization in an osteoblastic cell culture system. Dental materials journal. 2013;32.1: 88-95. <\/sup><\/p>\n<p style=\"font-weight: 400;\"><sup>Huey-Jine Chai et al. Effects of size and conformations of fish-scale collagen peptides on facial skin qualities and transdermal penetration efficiency. Journal of Biomedicine and Biotechnology. 2010; 1-8. doi: 10.1155\/2010\/757301. <\/sup><\/p>\n<p style=\"font-weight: 400;\"><sup>Proksch E et al. Oral Supplementation of Specific Collagen Peptides has Beneficial Effects on Human Skin Physiology: A Double-Blind, Placebo-Controlled Study. Skin Pharmacol Physiol. 2014;27(1):47-55. DOI: 10.1159\/000351376. <\/sup><\/p>\n<p style=\"font-weight: 400;\"><sup>Proksch E et al. Oral Intake of Specific Bioactive Collagen Peptides Reduces Skin Wrinkles and Increases Dermal Matrix Synthesis. Skin Pharmacol Physiol. 2014;27:113-119.<\/sup><\/p>\n<p>&nbsp;<\/p>\n<p style=\"font-weight: 400;\">\n","protected":false},"excerpt":{"rendered":"<p><strong>Suplement diety<\/strong><\/p>\n<p>Collagen Nucleo to specjalnie opracowane po\u0142\u0105czenie kolagenu rybiego i wo\u0142owego, witaminy C oraz kompleksu pi\u0119ciu nukleotyd\u00f3w.<\/p>\n","protected":false},"featured_media":8121,"template":"","meta":{"om_disable_all_campaigns":false,"inline_featured_image":false,"_monsterinsights_skip_tracking":false,"_monsterinsights_sitenote_active":false,"_monsterinsights_sitenote_note":"","_monsterinsights_sitenote_category":0},"product_brand":[],"product_cat":[69,86],"product_tag":[],"class_list":{"0":"post-3508","1":"product","2":"type-product","3":"status-publish","4":"has-post-thumbnail","6":"product_cat-nukleotydy-dietetyczne","7":"product_cat-skora-i-paznokcie","9":"first","10":"instock","11":"taxable","12":"shipping-taxable","13":"purchasable","14":"product-type-simple"},"acf":[],"_links":{"self":[{"href":"https:\/\/norsapharma.com\/sklep\/wp-json\/wp\/v2\/product\/3508","targetHints":{"allow":["GET"]}}],"collection":[{"href":"https:\/\/norsapharma.com\/sklep\/wp-json\/wp\/v2\/product"}],"about":[{"href":"https:\/\/norsapharma.com\/sklep\/wp-json\/wp\/v2\/types\/product"}],"wp:featuredmedia":[{"embeddable":true,"href":"https:\/\/norsapharma.com\/sklep\/wp-json\/wp\/v2\/media\/8121"}],"wp:attachment":[{"href":"https:\/\/norsapharma.com\/sklep\/wp-json\/wp\/v2\/media?parent=3508"}],"wp:term":[{"taxonomy":"product_brand","embeddable":true,"href":"https:\/\/norsapharma.com\/sklep\/wp-json\/wp\/v2\/product_brand?post=3508"},{"taxonomy":"product_cat","embeddable":true,"href":"https:\/\/norsapharma.com\/sklep\/wp-json\/wp\/v2\/product_cat?post=3508"},{"taxonomy":"product_tag","embeddable":true,"href":"https:\/\/norsapharma.com\/sklep\/wp-json\/wp\/v2\/product_tag?post=3508"}],"curies":[{"name":"wp","href":"https:\/\/api.w.org\/{rel}","templated":true}]}}